vert a683 (base 11) to base 7.
56121
What is -6314 (base 9) in base 5?
-122010
-3154 (base 9) to base 12
-1411
2122 (base 8) to base 3
1111222
-15bb (base 14) to base 2
-111100110001
What is 10222202 (base 3) in base 2?
101101011101
What is 24748 (base 9) in base 12?
9775
1116 (base 8) to base 6
2422
Convert 34764 (base 8) to base 5.
433321
What is -1111110111 (base 2) in base 9?
-1347
What is 11110010001110 (base 2) in base 12?
8b7a
-141044 (base 7) to base 9
-40662
-2446 (base 12) to base 15
-1326
Convert 1017 (base 12) to base 10.
1747
What is -4524 (base 6) in base 14?
-55a
What is 954 (base 10) in base 16?
3ba
What is -37422 (base 9) in base 14?
-9230
Convert -3694 (base 15) to base 6.
-125434
Convert 3db (base 14) to base 11.
650
481 (base 14) to base 5
12042
55a3 (base 16) to base 14
7dbd
What is -b949 (base 12) in base 11?
-14330
What is 44504 (base 7) in base 9?
16352
4e2 (base 16) to base 9
1638
Convert -63489 (base 10) to base 15.
-13c29
2979 (base 15) to base 16
22b9
436 (base 16) to base 5
13303
39304 (base 10) to base 2
1001100110001000
-1100112021 (base 3) to base 12
-134b1
3826 (base 10) to base 4
323302
Convert 1415 (base 12) to base 9.
3158
What is -3076 (base 14) in base 15?
-270b
Convert -24288 (base 9) to base 6.
-203212
123f (base 16) to base 7
16422
Convert 1880 (base 10) to base 2.
11101011000
96 (base 15) to base 10
141
Convert 340122 (base 6) to base 8.
67622
Convert 10101021 (base 3) to base 14.
c80
656 (base 8) to base 2
110101110
What is 652 (base 7) in base 10?
331
What is 222001 (base 3) in base 8?
1277
12131 (base 7) to base 10
3158
Convert 200301 (base 5) to base 2.
1100010110110
2386 (base 11) to base 7
12044
Convert 9b (base 16) to base 3.
12202
What is -233421 (base 5) in base 6?
-103511
Convert -15533 (base 7) to base 12.
-2655
What is 100011101 (base 2) in base 12?
1b9
What is -5741 (base 8) in base 3?
-11011122
What is -ab2 (base 16) in base 5?
-41423
What is -12c7c (base 14) in base 6?
-554354
Convert -201423 (base 5) to base 15.
-1dc8
What is -1558 (base 11) in base 14?
-a2b
475a (base 15) to base 9
22714
Convert 2101000 (base 3) to base 10.
1728
201a (base 12) to base 9
4684
-1000020 (base 3) to base 15
-340
21020221 (base 3) to base 2
1010010101010
What is 1151 (base 12) in base 4?
132031
What is -2751 (base 9) in base 10?
-2071
Convert 1428 (base 14) to base 9.
4800
Convert 20164 (base 13) to base 5.
3313443
What is 1713 (base 11) in base 14?
b28
2066 (base 9) to base 5
22033
What is -22447 (base 8) in base 4?
-2110213
Convert 102313 (base 4) to base 6.
5331
97a8 (base 16) to base 9
58227
What is -305 (base 11) in base 3?
-111122
979 (base 12) to base 4
111231
What is -6cc (base 16) in base 8?
-3314
What is 100001110110 (base 2) in base 15?
996
Convert -4515 (base 10) to base 2.
-1000110100011
1010111000101000 (base 2) to base 15
d324
Convert 326 (base 16) to base 13.
4a0
12 (base 3) to base 11
5
What is -10110001100001001 (base 2) in base 7?
-525661
Convert 25765 (base 9) to base 15.
5248
841 (base 9) to base 14
36d
Convert -2641 (base 7) to base 4.
-33301
What is -306 (base 13) in base 4?
-20001
What is -81203 (base 9) in base 13?
-1b3b4
What is -229 (base 13) in base 8?
-565
What is 5932 (base 10) in base 12?
3524
What is 6d0 (base 15) in base 2?
11000001001
What is 4340 (base 5) in base 9?
731
-212 (base 11) to base 5
-2010
What is 499 (base 12) in base 7?
2010
Convert -7087 (base 10) to base 9.
-10644
2987a (base 11) to base 14
115c8
Convert 20122010 (base 3) to base 13.
2280
4202 (base 6) to base 14
4b0
Convert -10518 (base 10) to base 11.
-79a2
Convert 422143 (base 5) to base 12.
8168
310 (base 13) to base 14
292
100110111011011 (base 2) to base 13
90c2
-3b82 (base 12) to base 7
-26006
What is -111010000 (base 2) in base 13?
-299
What is -1025 (base 6) in base 13?
-14c
-20180 (base 9) to base 11
-9a79
What is -602 (base 11) in base 9?
-888
39a6 (base 12) to base 10
6606
What is -2b5 (base 14) in base 7?
-1415
Convert 6579 (base 10) to base 7.
25116
Convert 22442 (base 13) to base 2.
1111001100100110
Convert -1313 (base 6) to base 2.
-101001101
-212335 (base 7) to base 12
-1940a
766 (base 11) to base 5
12134
-20120102 (base 3) to base 11
-3665
5190 (base 11) to base 2
1101011011011
Convert 16122 (base 8) to base 11.
54a1
What is -40c9 (base 14) in base 15?
-3488
What is 107 (base 10) in base 12?
8b
Convert 2243 (base 10) to base 15.
9e8
What is -2536 (base 10) in base 15?
-b41
Convert -4518 (base 16) to base 15.
-5393
1010100111001 (base 2) to base 6
41053
What is 7366 (base 9) in base 12?
3166
What is -10010001 (base 3) in base 2?
-100011011101
What is 97d (base 16) in base 11?
1909
Convert 102212011 (base 3) to base 13.
3c1c
Convert -1554 (base 8) to base 6.
-4020
Convert 1101111111110 (base 2) to base 10.
7166
What is -75f (base 16) in base 9?
-2526
111413 (base 5) to base 13
1a75
Convert -15c (base 14) to base 10.
-278
-aaf (base 16) to base 15
-c25
Convert -100002 (base 3) to base 8.
-365
111111110 (base 2) to base 6
2210
Convert 10001001011011 (base 2) to base 11.
6676
67b (base 16) to base 11
1279
What is 30102 (base 4) in base 3?
1002010
-24340 (base 8) to base 3
-112100120
3054 (base 6) to base 15
307
Convert -124626 (base 7) to base 2.
-101101011111111
What is 854 (base 13) in base 11?
1082
-97c (base 14) to base 15
-84e
Convert -5251 (base 6) to base 5.
-14213
Convert -1d3d (base 15) to base 6.
-45234
110011001010101 (base 2) to base 13
bc02
Convert -10011112001 (base 3) to base 9.
-104461
1e8 (base 15) to base 2
110111011
Convert 16bbc (base 13) to base 3.
2020000122
112200 (base 3) to base 4
12030
What is -423213 (base 5) in base 4?
-3131213
What is 164 (base 9) in base 8?
213
What is -143431 (base 5) in base 9?
-8345
What is 101101001010010 (base 2) in base 15?
6cb7
201 (base 10) to base 11
173
-676 (base 11) to base 9
-1088
What is 849 (base 11) in base 4?
33331
What is 16152 (base 7) in base 14?
1929
What is 8418 (base 10) in base 12?
4a56
What is -14020 (base 8) in base 14?
-2360
What is 2b03 (base 13) in base 6?
44544
What is -11221201 (base 3) in base 2?
-111000011010
What is -3889 (base 13) in base 14?
-2d16
ca (base 13) to base 2
10100110
What is 12 (base 10) in base 2?
1100
Convert -629 (base 12) to base 16.
-381
-bb02 (base 12) to base 16
-5072
Convert -215600 (base 7) to base 3.
-1221011022
-201112 (base 3) to base 13
-317
Convert bb (base 15) to base 13.
107
What is -50642 (base 10) in base 13?
-1a087
Convert -1343 (base 9) to base 4.
-33303
Convert 1110221212 (base 3) to base 16.
71c9
What is -11 (base 13) in base 5?
-24
-1042 (base 9) to base 5
-11032
Convert 9667 (base 11) to base 10.
12778
What is -3312 (base 11) in base 14?
-1841
What is 21025 (base 6) in base 14?
105b
What is -545 (base 7) in base 9?
-338
What is -2434 (base 12) in base 13?
-1b13
What is 267 (base 8) in base 12?
133
Convert -1010 (base 5) to base 8.
-202
What is 112313 (base 4) in base 9?
2005
Convert 4aa (base 14) to base 6.
4154
504 (base 6) to base 15
c4
What is -3414 (base 5) in base 6?
-2124
Convert -52a3 (base 12) to base 6.
-105523
What is 4433 (base 6) in base 4?
100011
110001110 (base 2) to base 4
12032
Convert 111 (base 16) to base 4.
10101
What is -15b18 (base 14) in base 16?
-d42a
-1141 (base 8) to base 15
-2a9
What is 668 (base 10) in base 11?
558
Convert 113 (base 15) to base 13.
159
310323 (base 4) to base 6
23403
-407 (base 9) to base 14
-199
Convert 1605 (base 9) to base 13.
72b
What is -238c (base 15) in base 3?
-101100220
What is -54052 (base 7) in base 2?
-11010001100110
What is 111111111100 (base 2) in base 3?
12121120
Convert -3304 (base 9) to base 16.
-982
What is 749 (base 12) in base 13?
63c
Convert 11341 (base 5) to base 12.
5a6
-1303123 (base 5) to base 9
-37766
What is 100677 (base 8) in base 3?
1200120012
Convert 1301 (base 5) to base 8.
311
122 (base 4) to base 15
1b
What is -10022000 (base 3) in base 8?
-4543
What is 1788a (base 11) in base 9?
37284
Convert 11998 (base 12) to base 7.
126416
-11b (base 13) to base 3
-21011
-312 (base 13) to base 12
-376
40234 (base 5) to base 14
d17
-1a7 (base 16) to base 5
-3143
250212 (base 7) to base 13
17a75
Convert -2 (base 8) to base 9.
-2
Convert 127a (base 11) to base 14.
868
Convert -2653 (base 7) to base 4.
-33322
Conve